7
List the prime factors of 531.
3, 59
What are the prime factors of 940?
2, 5, 47
List the prime factors of 7120.
2, 5, 89
List the prime factors of 27778.
2, 17, 19, 43
What are the prime factors of 138273?
3, 46091
What are the prime factors of 18317?
13, 1409
What are the prime factors of 528?
2, 3, 11
What are the prime factors of 29542?
2, 14771
List the prime factors of 3689.
7, 17, 31
What are the prime factors of 7033?
13, 541
What are the prime factors of 9926?
2, 7, 709
What are the prime factors of 4967?
4967
What are the prime factors of 2880?
2, 3, 5
List the prime factors of 2455.
5, 491
What are the prime factors of 3173?
19, 167
List the prime factors of 65389.
23, 2843
List the prime factors of 3824.
2, 239
What are the prime factors of 1372?
2, 7
What are the prime factors of 1672?
2, 11, 19
List the prime factors of 271.
271
What are the prime factors of 414?
2, 3, 23
What are the prime factors of 40?
2, 5
List the prime factors of 59783.
191, 313
List the prime factors of 88.
2, 11
List the prime factors of 2542.
2, 31, 41
What are the prime factors of 1112?
2, 139
What are the prime factors of 1252?
2, 313
What are the prime factors of 1466?
2, 733
List the prime factors of 16944.
2, 3, 353
What are the prime factors of 25536?
2, 3, 7, 19
What are the prime factors of 858?
2, 3, 11, 13
What are the prime factors of 1104?
2, 3, 23
List the prime factors of 19475.
5, 19, 41
What are the prime factors of 718?
2, 359
What are the prime factors of 9434?
2, 53, 89
What are the prime factors of 3215?
5, 643
List the prime factors of 309.
3, 103
List the prime factors of 1005.
3, 5, 67
List the prime factors of 28215.
3, 5, 11, 19
List the prime factors of 896.
2, 7
What are the prime factors of 20762?
2, 7, 1483
What are the prime factors of 5873?
7, 839
List the prime factors of 805.
5, 7, 23
List the prime factors of 2276.
2, 569
List the prime factors of 30332.
2, 7583
What are the prime factors of 177802?
2, 19, 4679
What are the prime factors of 11894?
2, 19, 313
What are the prime factors of 42864?
2, 3, 19, 47
What are the prime factors of 1536?
2, 3
What are the prime factors of 106543?
106543
What are the prime factors of 2745?
3, 5, 61
What are the prime factors of 31540?
2, 5, 19, 83
List the prime factors of 2471.
7, 353
List the prime factors of 16547.
16547
What are the prime factors of 28932?
2, 3, 2411
List the prime factors of 2446.
2, 1223
What are the prime factors of 162845?
5, 32569
What are the prime factors of 10563?
3, 7, 503
What are the prime factors of 2537?
43, 59
List the prime factors of 18696.
2, 3, 19, 41
What are the prime factors of 1411?
17, 83
List the prime factors of 138225.
3, 5, 19, 97
What are the prime factors of 1046?
2, 523
What are the prime factors of 56196?
2, 3, 7, 223
List the prime factors of 1601.
1601
List the prime factors of 6569.
6569
What are the prime factors of 4253?
4253
What are the prime factors of 438?
2, 3, 73
List the prime factors of 144.
2, 3
What are the prime factors of 6543?
3, 727
List the prime factors of 1757.
7, 251
List the prime factors of 28960.
2, 5, 181
What are the prime factors of 3596?
2, 29, 31
List the prime factors of 9036.
2, 3, 251
List the prime factors of 10078.
2, 5039
List the prime factors of 674.
2, 337
List the prime factors of 3807.
3, 47
List the prime factors of 61259.
11, 5569
What are the prime factors of 5816?
2, 727
List the prime factors of 2665.
5, 13, 41
List the prime factors of 368.
2, 23
What are the prime factors of 7531?
17, 443
List the prime factors of 2832.
2, 3, 59
List the prime factors of 1242.
2, 3, 23
List the prime factors of 4508.
2, 7, 23
List the prime factors of 6489.
3, 7, 103
What are the prime factors of 760?
2, 5, 19
What are the prime factors of 350?
2, 5, 7
What are the prime factors of 620?
2, 5, 31
What are the prime factors of 859?
859
List the prime factors of 3401.
19, 179
List the prime factors of 34216.
2, 7, 13, 47
List the prime factors of 94502.
2, 47251
List the prime factors of 30579.
3, 10193
What are the prime factors of 10087?
7, 11, 131
List the prime factors of 101349.
3, 11261
What are the prime factors of 8677?
8677
List the prime factors of 5085.
3, 5, 113
List the prime factors of 116831.
11, 13, 19, 43
List the prime factors of 9812.
2, 11, 223
What are the prime factors of 531?
3, 59
What are the prime factors of 1269?
3, 47
What are the prime factors of 825?
3, 5, 11
What are the prime factors of 3456?
2, 3
What are the prime factors of 8219?
8219
List the prime factors of 11076.
2, 3, 13, 71
List the prime factors of 1315.
5, 263
What are the prime factors of 19164?
2, 3, 1597
What are the prime factors of 10202?
2, 5101
List the prime factors of 14440.
2, 5, 19
List the prime factors of 391.
17, 23
What are the prime factors of 1188?
2, 3, 11
List the prime factors of 886.
2, 443
List the prime factors of 18909.
3, 11, 191
What are the prime factors of 5780?
2, 5, 17
List the prime factors of 62926.
2, 73, 431
What are the prime factors of 6809?
11, 619
What are the prime factors of 9094?
2, 4547
What are the prime factors of 85270?
2, 5, 8527
List the prime factors of 5939.
5939
What are the prime factors of 1428?
2, 3, 7, 17
List the prime factors of 125.
5
What are the prime factors of 924?
2, 3, 7, 11
List the prime factors of 9961.
7, 1423
List the prime factors of 1887.
3, 17, 37
List the prime factors of 1210.
2, 5, 11
List the prime factors of 1709.
1709
List the prime factors of 1283.
1283
What are the prime factors of 27742?
2, 11, 13, 97
What are the prime factors of 6988?
2, 1747
List the prime factors of 490.
2, 5, 7
List the prime factors of 59644.
2, 13, 31, 37
What are the prime factors of 17213?
7, 2459
List the prime factors of 34204.
2, 17, 503
List the prime factors of 1598.
2, 17, 47
What are the prime factors of 6852?
2, 3, 571
What are the prime factors of 2077?
31, 67
What are the prime factors of 3265?
5, 653
What are the prime factors of 2508?
2, 3, 11, 19
What are the prime factors of 290?
2, 5, 29
What are the prime factors of 205?
5, 41
List the prime factors of 46017.
3, 5113
What are the prime factors of 10503?
3, 389
List the prime factors of 30755.
5, 6151
List the prime factors of 5639.
5639
What are the prime factors of 9455?
5, 31, 61
What are the prime factors of 5531?
5531
List the prime factors of 6090.
2, 3, 5, 7, 29
List the prime factors of 43779.
3, 14593
List the prime factors of 12002.
2, 17, 353
What are the prime factors of 41236?
2, 13, 61
What are the prime factors of 2494?
2, 29, 43
List the prime factors of 110572.
2, 7, 11, 359
What are the prime factors of 2501?
41, 61
List the prime factors of 50787.
3, 11, 19
List the prime factors of 1515.
3, 5, 101
List the prime factors of 1794.
2, 3, 13, 23
List the prime factors of 10783.
41, 263
List the prime factors of 2601.
3, 17
What are the prime factors of 7496?
2, 937
List the prime factors of 1140.
2, 3, 5, 19
What are the prime factors of 1167?
3, 389
What are the prime factors of 45259?
45259
What are the prime factors of 1566?
2, 3, 29
What are the prime factors of 858?
2, 3, 11, 13
List the prime factors of 54818.
2, 27409
List the prime factors of 783.
3, 29
List the prime factors of 550.
2, 5, 11
List the prime factors of 1638.
2, 3, 7, 13
What are the prime factors of 250?
2, 5
What are the prime factors of 2352?
2, 3, 7
List the prime factors of 41095.
5, 8219
List the prime factors of 1175.
5, 47
List the prime factors of 5214.
2, 3, 11, 79
What are the prime factors of 8452?
2, 2113
List the prime factors of 22273.
22273
List the prime factors of 790.
2, 5, 79
List the prime factors of 5200.
2, 5, 13
List the prime factors of 1232.
2, 7, 11
What are the prime factors of 3725?
5, 149
List the prime factors of 4566.
2, 3, 761
What are the prime factors of 54088?
2, 6761
What are the prime factors of 3536?
2, 13, 17
What are the prime factors of 49148?
2, 11, 1117
List the prime factors of 36.
2, 3
List the prime factors of 23716.
2, 7, 11
List the prime factors of 5977.
43, 139
What are the prime factors of 3089?
3089
What are the prime factors of 2662?
2, 11
List the prime factors of 3042.
2, 3, 13
List the prime factors of 586.
2, 293
List the prime factors of 95